{"id":364,"date":"2009-01-30T22:38:10","date_gmt":"2009-01-30T21:38:10","guid":{"rendered":"https:\/\/fietsenmetjan.nl\/?page_id=364"},"modified":"2010-03-16T09:19:38","modified_gmt":"2010-03-16T08:19:38","slug":"ciclista-en-patagonia-11","status":"publish","type":"page","link":"https:\/\/fietsenmetjan.nl\/?page_id=364","title":{"rendered":"Ciclista en Patagonia (11)"},"content":{"rendered":"<p>Na Los Vilos was het gedaan met het gemak van de snelweg. Op en neer met lange hellingen. De luchtvochtigheid zorgde ervoor\u00a0dat je handen gaan kleven aan je stuur en je voortdurend een zweterig lijf hebt. Daal je een paar kilometer in hoog tempo af tot zeeniveau dan heb je het weer koud. Fietsertje moet lijden. De avond ervoor had ik op de kaart enkele p&#8217;tjes gezet bij plaatsen waar volgens de hoteleigenaar pensions moesten zijn: Huentelanquen, Calete Moritos en Calete Teniente. De laatste was ongeveer 100 km, een mooie afstand voor de dag. De borden langs de weg vermeldden alleen &#8220;Retorno Los Vilos&#8221; en dat Teniente was slechts een onbereikbaar restaurant aan de andere kant van de weg. Ik voelde me steeds meer belazerd. Die man dacht zeker dat hij God was: als ik het zeg dan\u00a0zijn ze er ook. Pas bij het vallen van de duisternis kwam ik bij een pompstation annex restaurant, waar ik een vette truckershap naar binnen werkte en in een soort hok sliep, waar de honden die elke vrachtwagen verwelkomden me uit de slaap hielden.<\/p>\n<p><a href=\"https:\/\/fietsenmetjan.nl\/wp-content\/uploads\/2009\/02\/vicuna.jpg\"><img decoding=\"async\" loading=\"lazy\" class=\"alignnone size-full wp-image-396\" title=\"Vicu\u00c3\u00b1a\" src=\"https:\/\/fietsenmetjan.nl\/wp-content\/uploads\/2009\/02\/vicuna.jpg\" alt=\"\" width=\"560\" height=\"747\" srcset=\"https:\/\/fietsenmetjan.nl\/wp-content\/uploads\/2009\/02\/vicuna.jpg 560w, https:\/\/fietsenmetjan.nl\/wp-content\/uploads\/2009\/02\/vicuna-224x300.jpg 224w\" sizes=\"(max-width: 560px) 100vw, 560px\" \/><\/a><\/p>\n<p>Genoeg gezeurd, want er kwamen\u00a0mooie fietsdagen landinwaarts. Het dal van de Elqui-rivier is prachtig. Mocht er iemand mij de obligate vraag stellen Wat vond je nou het mooiste van Chili? dan ligt het antwoord al klaar. Ik moest over de Andes heen en daar zag ik (geen flauwe woordspeling) als een berg tegen op. Na veel heen en weer gepraat met mezelf besloot ik een taxi naar de pashoogte (4765 m) te nemen om vandaar naar beneden te gaan. Bij de VVV van Vicuna (gevestigd in een houten toren, in 1905 uit Ulm verscheept) maakte ik de afspraak voor de taxi. Die stond de volgende morgen al voor negen uur voor me klaar en chauffeur Jos\u00e9 was op alles voorbereid. Vakkundig snoerde hij mijn fiets vast in de kofferbak daarbij zorgend dat er geen lak werd beschadigd. We passeerden allerlei kleine dorpjes waarvan hij de namen noemde. Het dal werd steeds nauwer en het verbaasde me tot hoever er nieuwe wijngaarden werden aangelegd bedekt met een soort gaas zodat het uit de verte lijkt of er kale hellingen zijn. De grensautoriteiten bevinden zich aan de voet van de pas Agua Negra. Toen mijn papieren waren gecontroleerd, ontstond er een &#8220;problema grande&#8221;: er zat een fout in de tenaamstelling van mijn chauffeur. Hij heet Mondaza, maar in de computer stond Mundaza. Dat zou een onoverkomelijke administratieve hindernis zijn. &#8220;Zou&#8221;, want ik denk dat het iets anders was. Jos\u00e9 moest zijn taxivergunning laten zien en hij had niet voorzien dat die niet verder reikte dan daar. Overigens was hij wel te goeder trouw; hij deed zijn best om voor mij ander vervoer te regelen. Ik kon met wegwerkers 30 km meerijden. En zo ging ik de pas op.<\/p>\n<p><a href=\"https:\/\/fietsenmetjan.nl\/wp-content\/uploads\/2009\/02\/mijn-kortstondige-fietsmaat-door-de-bergen-dave-holmes.jpg\"><img decoding=\"async\" loading=\"lazy\" class=\"alignnone size-full wp-image-399\" title=\"Mijn kortstondige fietsmaat door de bergen, Dave Holmes\" src=\"https:\/\/fietsenmetjan.nl\/wp-content\/uploads\/2009\/02\/mijn-kortstondige-fietsmaat-door-de-bergen-dave-holmes.jpg\" alt=\"\" width=\"560\" height=\"420\" srcset=\"https:\/\/fietsenmetjan.nl\/wp-content\/uploads\/2009\/02\/mijn-kortstondige-fietsmaat-door-de-bergen-dave-holmes.jpg 560w, https:\/\/fietsenmetjan.nl\/wp-content\/uploads\/2009\/02\/mijn-kortstondige-fietsmaat-door-de-bergen-dave-holmes-300x225.jpg 300w\" sizes=\"(max-width: 560px) 100vw, 560px\" \/><\/a><\/p>\n<p>Kort voordat ze me afzetten, passeerden we een andere fietser. David Holmes uit Londen met wie ik een stukje verder trok. Hij had al een flinke klim onder de trappers, terwijl ik nog fris was.\u00a0 We zetten om een uur of twee onze tenten op langs de rivier, waarvan hij met grote teugen het water dronk.\u00a0 Hij maakte soep en ik pasta met water van dat zelfde frisse bergstroompje. We genoten van de avondlucht en laten de Amerikanen vooral niet denken dat het prachtige kleurenspel alleen in de Grand Canyon van Arizona is te zien. Na middernacht begon het verdacht in mijn buik te rommelen en dat zorgde ervoor dat ik ruim in de gelegenheid was de prachtige sterrenhemel te bewonderen.<\/p>\n<p><a href=\"https:\/\/fietsenmetjan.nl\/wp-content\/uploads\/2009\/02\/bij-ons-kampement-aan-een-riviertje.jpg\"><img decoding=\"async\" loading=\"lazy\" class=\"alignnone size-full wp-image-400\" title=\"Bij ons kampement aan een riviertje\" src=\"https:\/\/fietsenmetjan.nl\/wp-content\/uploads\/2009\/02\/bij-ons-kampement-aan-een-riviertje.jpg\" alt=\"\" width=\"560\" height=\"420\" srcset=\"https:\/\/fietsenmetjan.nl\/wp-content\/uploads\/2009\/02\/bij-ons-kampement-aan-een-riviertje.jpg 560w, https:\/\/fietsenmetjan.nl\/wp-content\/uploads\/2009\/02\/bij-ons-kampement-aan-een-riviertje-300x225.jpg 300w\" sizes=\"(max-width: 560px) 100vw, 560px\" \/><\/a><\/p>\n<p>De volgende morgen bleek al heel gauw dat de pas voor mij te hoog gegrepen was. De stille hoop dat ik het misschien toch zou halen bleek voos. Ik wilde mijn fietsgenoot niet tot last zijn en suggereeerde dat hij maar gewoon verder moest gaan zonder mij. Zijn diplomatieke antwoord was &#8220;We&#8217;ll see&#8221;, want hij had het al gezien. Er waren stukken waar ik al na 100 meter hijgend over mijn stuur aan de kant stond. Over een afstand van 40 km ging de weg 1500 meter omhoog, dus per 4 km\/ 150 meter! We namen afscheid. David ging met zijn enorme uithoudingsvermogen verder en ik sukkelde op mijn manier nog wat\u00a0door hopend op een lift. Om dat irritante wasbord een beetje te ontwijken, moest ik\u00a0heel wat heen en weer over de breedte van de weg en om het sturen wat te verlichten verplaatste ik wat bagage van de voor- naar de achtertassen. Terwijl ik daarmee bezig was stopte er een vrachtwagentje van het wegbeheer. Ik wees naar boven en zei &#8220;No puedo&#8221;. Met fiets en bagage in de laadbak gingen we verder, helemaal naar de &#8220;limite&#8221;, de pashoogte.<\/p>\n<p><a href=\"https:\/\/fietsenmetjan.nl\/wp-content\/uploads\/2009\/02\/kort-na-de-pashoogte-van-de-paso-del-agua-negra-in-argentinia.jpg\"><img decoding=\"async\" loading=\"lazy\" class=\"alignnone size-full wp-image-402\" title=\"Kort na de pashoogte van de Paso del Agua Negra in Argentini\u00c3\u00ab\" src=\"https:\/\/fietsenmetjan.nl\/wp-content\/uploads\/2009\/02\/kort-na-de-pashoogte-van-de-paso-del-agua-negra-in-argentinia.jpg\" alt=\"\" width=\"560\" height=\"420\" srcset=\"https:\/\/fietsenmetjan.nl\/wp-content\/uploads\/2009\/02\/kort-na-de-pashoogte-van-de-paso-del-agua-negra-in-argentinia.jpg 560w, https:\/\/fietsenmetjan.nl\/wp-content\/uploads\/2009\/02\/kort-na-de-pashoogte-van-de-paso-del-agua-negra-in-argentinia-300x225.jpg 300w\" sizes=\"(max-width: 560px) 100vw, 560px\" \/><\/a><\/p>\n<p>We passeerden David die zei dat ik niet op hem moest wachten maar gewoon door moest gaan. De weg naar boven moet elke dag worden gecontroleerd. Er waren die dag twee kleine aardschokken geweest en er is maar weinig voor nodig om de toch al smalle weg met puin te blokkeren. Van de kleuren, diepten en hoogten heb ik genoten. Indrukwekkend! Als ik Hoessein heette, zou ik hem dopen tot Moeder aller Bergpassen. Hier zie je de mens op ware grootte: &#8220;een kruimel op de rok van het universum&#8221; (Lucebert). Wie hier te snel rijdt en een verkeerde manoeuvre maakt, dondert definitief de diepte in. Van de andere kant kwamen vele <em>Hausmobilen<\/em> met Alemania in grote letters erop.\u00c2\u00a0 Een van de Duitse plussers stopte om ons voorbij te laten gaan en keek daarbij zeer benauwd. Het is hier natuurlijk geen Autobahn naar Hannover en misschien had hij net als ik te hoog gegrepen.<\/p>\n<p><a href=\"https:\/\/fietsenmetjan.nl\/wp-content\/uploads\/2009\/02\/aan-een-meer-in-de-chileense-andes.jpg\"><img decoding=\"async\" loading=\"lazy\" class=\"alignnone size-full wp-image-398\" title=\"Aan een meer in de Chileense Andes\" src=\"https:\/\/fietsenmetjan.nl\/wp-content\/uploads\/2009\/02\/aan-een-meer-in-de-chileense-andes.jpg\" alt=\"\" width=\"560\" height=\"420\" srcset=\"https:\/\/fietsenmetjan.nl\/wp-content\/uploads\/2009\/02\/aan-een-meer-in-de-chileense-andes.jpg 560w, https:\/\/fietsenmetjan.nl\/wp-content\/uploads\/2009\/02\/aan-een-meer-in-de-chileense-andes-300x225.jpg 300w\" sizes=\"(max-width: 560px) 100vw, 560px\" \/><\/a><\/p>\n<p>Op de pashoogte laadde ik mijn bagage weer op de fiets, nam afscheid en hervatte mijn tocht. Ik ging maar heel langzaam naar beneden. Wasborden en harde koude wind. Mijn helm verwisselde ik al gauw voor mijn pet, want van dat geklepper op mijn hoofd werd ik gek. Het aanhoudend remmen had zijn prijs. Kramp in de vingers die ik maar met moeite kon strekken. Na 30 km zat ik wat koekjes te knabbelen zittend op een taluudje van keien. Ik was in de stemming van\u00a0Mariken van Nieumeghen\u00a0 &#8220;God of de duivel, &#8217;t is mij om het even&#8221;. Ik zei modern tegen de Man met de Hamer: het kan mij\u00a0 allemaal geen fuck meer schelen! Maar hoor! Er kwam iets aanrammelen. Een vrachtwagen met een kieperlaadbak voor zand. Ik sprong op, wees naar mijn fiets en de laadbak. Context is altijd veelzeggend. De hele laadbak ging omhoog en we zetten mijn fiets erin en rammelden 20 km verder. Terug op de weg gebeurde er\u00a0w\u00e9\u00e9r een wonder: asfalt! Er volgde een plateau met een flauwe afdaling van tientallen kilometers. Ik was weer terug op mijn vertrouwde Argentijnse hoogvlakte met achter mij de Andes en voor mij twee sierra&#8217;s. Het was al een beetje thuiskomen. Fietsen werd weer een feest. De volgende dag trapte ik door de <em>sierra<\/em> van Pismanta naar San Jos\u00e9 de J\u00e1chal. Het bergland deed me sterk denken aan een boek van vroeger met foto&#8217;s van het Heilige Land. Ik heb eens flink geschreeuwd. De stem eens roependen in de woestijn. Ik roep, dus ik ben!<\/p>\n<p>Zo ben ik dus aan de andere Andeskant gekomen in een plaats waar de hitte in de middag de straten verstilt. &#8217;s Avonds leeft de plaats weer op en spelen kinderen hun spel. Morgen moet ik vroeg op weg om voor de hitte het grootste stuk door de <em>desierto<\/em> naar San Juan afgelegd te hebben.<\/p>\n<p>Jan Postema<\/p>\n<p>30 januari 2009<\/p>\n<p>San Jos\u00e9 de J\u00e1chal, provincie San Juan, Argetini\u00eb<\/p>\n<p>PS<\/p>\n<p>Net voor ik naar het internetcaf\u00c3\u00a9 ging werd er op mij hotelkamerdeur geklopt. &#8220;A friend&#8221;. Het was David! We hebben samen drie liter gedronken om zijn prestatie te vieren<\/p>\n","protected":false},"excerpt":{"rendered":"<p>Na Los Vilos was het gedaan met het gemak van de snelweg. Op en neer met lange hellingen. De luchtvochtigheid zorgde ervoor\u00a0dat je handen gaan kleven aan je stuur en je voortdurend een zweterig lijf hebt. Daal je een paar kilometer in hoog tempo af tot zeeniveau dan heb je het weer koud. Fietsertje moet [&hellip;]<\/p>\n","protected":false},"author":1,"featured_media":0,"parent":53,"menu_order":0,"comment_status":"open","ping_status":"open","template":"","meta":[],"_links":{"self":[{"href":"https:\/\/fietsenmetjan.nl\/index.php?rest_route=\/wp\/v2\/pages\/364"}],"collection":[{"href":"https:\/\/fietsenmetjan.nl\/index.php?rest_route=\/wp\/v2\/pages"}],"about":[{"href":"https:\/\/fietsenmetjan.nl\/index.php?rest_route=\/wp\/v2\/types\/page"}],"author":[{"embeddable":true,"href":"https:\/\/fietsenmetjan.nl\/index.php?rest_route=\/wp\/v2\/users\/1"}],"replies":[{"embeddable":true,"href":"https:\/\/fietsenmetjan.nl\/index.php?rest_route=%2Fwp%2Fv2%2Fcomments&post=364"}],"version-history":[{"count":11,"href":"https:\/\/fietsenmetjan.nl\/index.php?rest_route=\/wp\/v2\/pages\/364\/revisions"}],"predecessor-version":[{"id":397,"href":"https:\/\/fietsenmetjan.nl\/index.php?rest_route=\/wp\/v2\/pages\/364\/revisions\/397"}],"up":[{"embeddable":true,"href":"https:\/\/fietsenmetjan.nl\/index.php?rest_route=\/wp\/v2\/pages\/53"}],"wp:attachment":[{"href":"https:\/\/fietsenmetjan.nl\/index.php?rest_route=%2Fwp%2Fv2%2Fmedia&parent=364"}],"curies":[{"name":"wp","href":"https:\/\/api.w.org\/{rel}","templated":true}]}}

<p>Na Los Vilos was het gedaan met het gemak van de snelweg. Op en neer met lange hellingen. De luchtvochtigheid zorgde ervoor dat je handen gaan kleven aan je stuur en je voortdurend een zweterig lijf hebt. Daal je een paar kilometer in hoog tempo af tot zeeniveau dan heb je het weer koud. Fietsertje moet lijden. De avond ervoor had ik op de kaart enkele p&#8217;tjes gezet bij plaatsen waar volgens de hoteleigenaar pensions moesten zijn: Huentelanquen, Calete Moritos en Calete Teniente. De laatste was ongeveer 100 km, een mooie afstand voor de dag. De borden langs de weg vermeldden alleen &#8220;Retorno Los Vilos&#8221; en dat Teniente was slechts een onbereikbaar restaurant aan de andere kant van de weg. Ik voelde me steeds meer belazerd. Die man dacht zeker dat hij God was: als ik het zeg dan zijn ze er ook. Pas bij het vallen van de duisternis kwam ik bij een pompstation annex restaurant, waar ik een vette truckershap naar binnen werkte en in een soort hok sliep, waar de honden die elke vrachtwagen verwelkomden me uit de slaap hielden.</p>
<p><a href="https://fietsenmetjan.nl/wp-content/uploads/2009/02/vicuna.jpg"><img decoding="async" loading="lazy" class="alignnone size-full wp-image-396" title="VicuÃ±a" src="https://fietsenmetjan.nl/wp-content/uploads/2009/02/vicuna.jpg" alt="" width="560" height="747" srcset="https://fietsenmetjan.nl/wp-content/uploads/2009/02/vicuna.jpg 560w, https://fietsenmetjan.nl/wp-content/uploads/2009/02/vicuna-224x300.jpg 224w" sizes="(max-width: 560px) 100vw, 560px" /></a></p>
<p>Genoeg gezeurd, want er kwamen mooie fietsdagen landinwaarts. Het dal van de Elqui-rivier is prachtig. Mocht er iemand mij de obligate vraag stellen Wat vond je nou het mooiste van Chili? dan ligt het antwoord al klaar. Ik moest over de Andes heen en daar zag ik (geen flauwe woordspeling) als een berg tegen op. Na veel heen en weer gepraat met mezelf besloot ik een taxi naar de pashoogte (4765 m) te nemen om vandaar naar beneden te gaan. Bij de VVV van Vicuna (gevestigd in een houten toren, in 1905 uit Ulm verscheept) maakte ik de afspraak voor de taxi. Die stond de volgende morgen al voor negen uur voor me klaar en chauffeur José was op alles voorbereid. Vakkundig snoerde hij mijn fiets vast in de kofferbak daarbij zorgend dat er geen lak werd beschadigd. We passeerden allerlei kleine dorpjes waarvan hij de namen noemde. Het dal werd steeds nauwer en het verbaasde me tot hoever er nieuwe wijngaarden werden aangelegd bedekt met een soort gaas zodat het uit de verte lijkt of er kale hellingen zijn. De grensautoriteiten bevinden zich aan de voet van de pas Agua Negra. Toen mijn papieren waren gecontroleerd, ontstond er een &#8220;problema grande&#8221;: er zat een fout in de tenaamstelling van mijn chauffeur. Hij heet Mondaza, maar in de computer stond Mundaza. Dat zou een onoverkomelijke administratieve hindernis zijn. &#8220;Zou&#8221;, want ik denk dat het iets anders was. José moest zijn taxivergunning laten zien en hij had niet voorzien dat die niet verder reikte dan daar. Overigens was hij wel te goeder trouw; hij deed zijn best om voor mij ander vervoer te regelen. Ik kon met wegwerkers 30 km meerijden. En zo ging ik de pas op.</p>
<p><a href="https://fietsenmetjan.nl/wp-content/uploads/2009/02/mijn-kortstondige-fietsmaat-door-de-bergen-dave-holmes.jpg"><img decoding="async" loading="lazy" class="alignnone size-full wp-image-399" title="Mijn kortstondige fietsmaat door de bergen, Dave Holmes" src="https://fietsenmetjan.nl/wp-content/uploads/2009/02/mijn-kortstondige-fietsmaat-door-de-bergen-dave-holmes.jpg" alt="" width="560" height="420" srcset="https://fietsenmetjan.nl/wp-content/uploads/2009/02/mijn-kortstondige-fietsmaat-door-de-bergen-dave-holmes.jpg 560w, https://fietsenmetjan.nl/wp-content/uploads/2009/02/mijn-kortstondige-fietsmaat-door-de-bergen-dave-holmes-300x225.jpg 300w" sizes="(max-width: 560px) 100vw, 560px" /></a></p>
<p>Kort voordat ze me afzetten, passeerden we een andere fietser. David Holmes uit Londen met wie ik een stukje verder trok. Hij had al een flinke klim onder de trappers, terwijl ik nog fris was.  We zetten om een uur of twee onze tenten op langs de rivier, waarvan hij met grote teugen het water dronk.  Hij maakte soep en ik pasta met water van dat zelfde frisse bergstroompje. We genoten van de avondlucht en laten de Amerikanen vooral niet denken dat het prachtige kleurenspel alleen in de Grand Canyon van Arizona is te zien. Na middernacht begon het verdacht in mijn buik te rommelen en dat zorgde ervoor dat ik ruim in de gelegenheid was de prachtige sterrenhemel te bewonderen.</p>
<p><a href="https://fietsenmetjan.nl/wp-content/uploads/2009/02/bij-ons-kampement-aan-een-riviertje.jpg"><img decoding="async" loading="lazy" class="alignnone size-full wp-image-400" title="Bij ons kampement aan een riviertje" src="https://fietsenmetjan.nl/wp-content/uploads/2009/02/bij-ons-kampement-aan-een-riviertje.jpg" alt="" width="560" height="420" srcset="https://fietsenmetjan.nl/wp-content/uploads/2009/02/bij-ons-kampement-aan-een-riviertje.jpg 560w, https://fietsenmetjan.nl/wp-content/uploads/2009/02/bij-ons-kampement-aan-een-riviertje-300x225.jpg 300w" sizes="(max-width: 560px) 100vw, 560px" /></a></p>
<p>De volgende morgen bleek al heel gauw dat de pas voor mij te hoog gegrepen was. De stille hoop dat ik het misschien toch zou halen bleek voos. Ik wilde mijn fietsgenoot niet tot last zijn en suggereeerde dat hij maar gewoon verder moest gaan zonder mij. Zijn diplomatieke antwoord was &#8220;We&#8217;ll see&#8221;, want hij had het al gezien. Er waren stukken waar ik al na 100 meter hijgend over mijn stuur aan de kant stond. Over een afstand van 40 km ging de weg 1500 meter omhoog, dus per 4 km/ 150 meter! We namen afscheid. David ging met zijn enorme uithoudingsvermogen verder en ik sukkelde op mijn manier nog wat door hopend op een lift. Om dat irritante wasbord een beetje te ontwijken, moest ik heel wat heen en weer over de breedte van de weg en om het sturen wat te verlichten verplaatste ik wat bagage van de voor- naar de achtertassen. Terwijl ik daarmee bezig was stopte er een vrachtwagentje van het wegbeheer. Ik wees naar boven en zei &#8220;No puedo&#8221;. Met fiets en bagage in de laadbak gingen we verder, helemaal naar de &#8220;limite&#8221;, de pashoogte.</p>
<p><a href="https://fietsenmetjan.nl/wp-content/uploads/2009/02/kort-na-de-pashoogte-van-de-paso-del-agua-negra-in-argentinia.jpg"><img decoding="async" loading="lazy" class="alignnone size-full wp-image-402" title="Kort na de pashoogte van de Paso del Agua Negra in ArgentiniÃ«" src="https://fietsenmetjan.nl/wp-content/uploads/2009/02/kort-na-de-pashoogte-van-de-paso-del-agua-negra-in-argentinia.jpg" alt="" width="560" height="420" srcset="https://fietsenmetjan.nl/wp-content/uploads/2009/02/kort-na-de-pashoogte-van-de-paso-del-agua-negra-in-argentinia.jpg 560w, https://fietsenmetjan.nl/wp-content/uploads/2009/02/kort-na-de-pashoogte-van-de-paso-del-agua-negra-in-argentinia-300x225.jpg 300w" sizes="(max-width: 560px) 100vw, 560px" /></a></p>
<p>We passeerden David die zei dat ik niet op hem moest wachten maar gewoon door moest gaan. De weg naar boven moet elke dag worden gecontroleerd. Er waren die dag twee kleine aardschokken geweest en er is maar weinig voor nodig om de toch al smalle weg met puin te blokkeren. Van de kleuren, diepten en hoogten heb ik genoten. Indrukwekkend! Als ik Hoessein heette, zou ik hem dopen tot Moeder aller Bergpassen. Hier zie je de mens op ware grootte: &#8220;een kruimel op de rok van het universum&#8221; (Lucebert). Wie hier te snel rijdt en een verkeerde manoeuvre maakt, dondert definitief de diepte in. Van de andere kant kwamen vele <em>Hausmobilen</em> met Alemania in grote letters erop.Â  Een van de Duitse plussers stopte om ons voorbij te laten gaan en keek daarbij zeer benauwd. Het is hier natuurlijk geen Autobahn naar Hannover en misschien had hij net als ik te hoog gegrepen.</p>
<p><a href="https://fietsenmetjan.nl/wp-content/uploads/2009/02/aan-een-meer-in-de-chileense-andes.jpg"><img decoding="async" loading="lazy" class="alignnone size-full wp-image-398" title="Aan een meer in de Chileense Andes" src="https://fietsenmetjan.nl/wp-content/uploads/2009/02/aan-een-meer-in-de-chileense-andes.jpg" alt="" width="560" height="420" srcset="https://fietsenmetjan.nl/wp-content/uploads/2009/02/aan-een-meer-in-de-chileense-andes.jpg 560w, https://fietsenmetjan.nl/wp-content/uploads/2009/02/aan-een-meer-in-de-chileense-andes-300x225.jpg 300w" sizes="(max-width: 560px) 100vw, 560px" /></a></p>
<p>Op de pashoogte laadde ik mijn bagage weer op de fiets, nam afscheid en hervatte mijn tocht. Ik ging maar heel langzaam naar beneden. Wasborden en harde koude wind. Mijn helm verwisselde ik al gauw voor mijn pet, want van dat geklepper op mijn hoofd werd ik gek. Het aanhoudend remmen had zijn prijs. Kramp in de vingers die ik maar met moeite kon strekken. Na 30 km zat ik wat koekjes te knabbelen zittend op een taluudje van keien. Ik was in de stemming van Mariken van Nieumeghen  &#8220;God of de duivel, &#8217;t is mij om het even&#8221;. Ik zei modern tegen de Man met de Hamer: het kan mij  allemaal geen fuck meer schelen! Maar hoor! Er kwam iets aanrammelen. Een vrachtwagen met een kieperlaadbak voor zand. Ik sprong op, wees naar mijn fiets en de laadbak. Context is altijd veelzeggend. De hele laadbak ging omhoog en we zetten mijn fiets erin en rammelden 20 km verder. Terug op de weg gebeurde er wéér een wonder: asfalt! Er volgde een plateau met een flauwe afdaling van tientallen kilometers. Ik was weer terug op mijn vertrouwde Argentijnse hoogvlakte met achter mij de Andes en voor mij twee sierra&#8217;s. Het was al een beetje thuiskomen. Fietsen werd weer een feest. De volgende dag trapte ik door de <em>sierra</em> van Pismanta naar San José de Jáchal. Het bergland deed me sterk denken aan een boek van vroeger met foto&#8217;s van het Heilige Land. Ik heb eens flink geschreeuwd. De stem eens roependen in de woestijn. Ik roep, dus ik ben!</p>
<p>Zo ben ik dus aan de andere Andeskant gekomen in een plaats waar de hitte in de middag de straten verstilt. &#8217;s Avonds leeft de plaats weer op en spelen kinderen hun spel. Morgen moet ik vroeg op weg om voor de hitte het grootste stuk door de <em>desierto</em> naar San Juan afgelegd te hebben.</p>
<p>Jan Postema</p>
<p>30 januari 2009</p>
<p>San José de Jáchal, provincie San Juan, Argetinië</p>
<p>PS</p>
<p>Net voor ik naar het internetcafÃ© ging werd er op mij hotelkamerdeur geklopt. &#8220;A friend&#8221;. Het was David! We hebben samen drie liter gedronken om zijn prestatie te vieren</p>
